{"id":2547,"date":"2023-12-26T17:18:15","date_gmt":"2023-12-26T17:18:15","guid":{"rendered":"https:\/\/infocontrolsa.com\/tienda\/?post_type=product&#038;p=2547"},"modified":"2023-12-26T17:18:15","modified_gmt":"2023-12-26T17:18:15","slug":"rinonera-wanel","status":"publish","type":"product","link":"https:\/\/infocontrolsa.com\/tienda\/producto\/rinonera-wanel\/","title":{"rendered":"RI\u00d1ONERA WANEL"},"content":{"rendered":"","protected":false},"excerpt":{"rendered":"<p>Ri\u00f1onera de alta calidad y resistente a las salpicaduras de agua en lycra de variados colores. Bolsillo principal en resistente PVC con funci\u00f3n t\u00e1ctil. Dise\u00f1ada para actividades deportivas y de ocio. Con bolsillo de cierre de cremallera a juego, salida para auriculares y cintura el\u00e1stica con cierre de clic ajustable.<\/p>\n","protected":false},"featured_media":2551,"template":"","meta":[],"product_cat":[352],"product_tag":[],"yoast_head":"<!-- This site is optimized with the Yoast SEO plugin v23.0 - https:\/\/yoast.com\/wordpress\/plugins\/seo\/ -->\n<title>RI\u00d1ONERA WANEL - Infocontrol S.A<\/title>\n<meta name=\"robots\" content=\"noindex, follow, max-snippet:-1, max-image-preview:large, max-video-preview:-1\" \/>\n<meta property=\"og:locale\" content=\"es_ES\" \/>\n<meta property=\"og:type\" content=\"article\" \/>\n<meta property=\"og:title\" content=\"RI\u00d1ONERA WANEL - Infocontrol S.A\" \/>\n<meta property=\"og:description\" content=\"Ri\u00f1onera de alta calidad y resistente a las salpicaduras de agua en lycra de variados colores. Bolsillo principal en resistente PVC con funci\u00f3n t\u00e1ctil. Dise\u00f1ada para actividades deportivas y de ocio. Con bolsillo de cierre de cremallera a juego, salida para auriculares y cintura el\u00e1stica con cierre de clic ajustable.\" \/>\n<meta property=\"og:url\" content=\"https:\/\/infocontrolsa.com\/tienda\/producto\/rinonera-wanel\/\" \/>\n<meta property=\"og:site_name\" content=\"Infocontrol S.A\" \/>\n<meta property=\"article:publisher\" content=\"https:\/\/m.facebook.com\/infocontrolsa\" \/>\n<meta property=\"og:image\" content=\"https:\/\/infocontrolsa.com\/tienda\/wp-content\/uploads\/2023\/12\/COLLAGE-5.jpg\" \/>\n\t<meta property=\"og:image:width\" content=\"1080\" \/>\n\t<meta property=\"og:image:height\" content=\"1080\" \/>\n\t<meta property=\"og:image:type\" content=\"image\/jpeg\" \/>\n<script type=\"application\/ld+json\" class=\"yoast-schema-graph\">{\"@context\":\"https:\/\/schema.org\",\"@graph\":[{\"@type\":\"WebPage\",\"@id\":\"https:\/\/infocontrolsa.com\/tienda\/producto\/rinonera-wanel\/\",\"url\":\"https:\/\/infocontrolsa.com\/tienda\/producto\/rinonera-wanel\/\",\"name\":\"RI\u00d1ONERA WANEL - Infocontrol S.A\",\"isPartOf\":{\"@id\":\"https:\/\/infocontrolsa.com\/tienda\/#website\"},\"primaryImageOfPage\":{\"@id\":\"https:\/\/infocontrolsa.com\/tienda\/producto\/rinonera-wanel\/#primaryimage\"},\"image\":{\"@id\":\"https:\/\/infocontrolsa.com\/tienda\/producto\/rinonera-wanel\/#primaryimage\"},\"thumbnailUrl\":\"https:\/\/infocontrolsa.com\/tienda\/wp-content\/uploads\/2023\/12\/COLLAGE-5.jpg\",\"datePublished\":\"2023-12-26T17:18:15+00:00\",\"dateModified\":\"2023-12-26T17:18:15+00:00\",\"breadcrumb\":{\"@id\":\"https:\/\/infocontrolsa.com\/tienda\/producto\/rinonera-wanel\/#breadcrumb\"},\"inLanguage\":\"es\",\"potentialAction\":[{\"@type\":\"ReadAction\",\"target\":[\"https:\/\/infocontrolsa.com\/tienda\/producto\/rinonera-wanel\/\"]}]},{\"@type\":\"ImageObject\",\"inLanguage\":\"es\",\"@id\":\"https:\/\/infocontrolsa.com\/tienda\/producto\/rinonera-wanel\/#primaryimage\",\"url\":\"https:\/\/infocontrolsa.com\/tienda\/wp-content\/uploads\/2023\/12\/COLLAGE-5.jpg\",\"contentUrl\":\"https:\/\/infocontrolsa.com\/tienda\/wp-content\/uploads\/2023\/12\/COLLAGE-5.jpg\",\"width\":1080,\"height\":1080},{\"@type\":\"BreadcrumbList\",\"@id\":\"https:\/\/infocontrolsa.com\/tienda\/producto\/rinonera-wanel\/#breadcrumb\",\"itemListElement\":[{\"@type\":\"ListItem\",\"position\":1,\"name\":\"Portada\",\"item\":\"https:\/\/infocontrolsa.com\/tienda\/\"},{\"@type\":\"ListItem\",\"position\":2,\"name\":\"Tienda\",\"item\":\"https:\/\/infocontrolsa.com\/tienda\/\"},{\"@type\":\"ListItem\",\"position\":3,\"name\":\"RI\u00d1ONERA WANEL\"}]},{\"@type\":\"WebSite\",\"@id\":\"https:\/\/infocontrolsa.com\/tienda\/#website\",\"url\":\"https:\/\/infocontrolsa.com\/tienda\/\",\"name\":\"Infocontrol S.A\",\"description\":\"REGALOS PROMOCIONALES PERSONALIZADOS\",\"publisher\":{\"@id\":\"https:\/\/infocontrolsa.com\/tienda\/#organization\"},\"potentialAction\":[{\"@type\":\"SearchAction\",\"target\":{\"@type\":\"EntryPoint\",\"urlTemplate\":\"https:\/\/infocontrolsa.com\/tienda\/?s={search_term_string}\"},\"query-input\":\"required name=search_term_string\"}],\"inLanguage\":\"es\"},{\"@type\":\"Organization\",\"@id\":\"https:\/\/infocontrolsa.com\/tienda\/#organization\",\"name\":\"Infocontrol S.A\",\"url\":\"https:\/\/infocontrolsa.com\/tienda\/\",\"logo\":{\"@type\":\"ImageObject\",\"inLanguage\":\"es\",\"@id\":\"https:\/\/infocontrolsa.com\/tienda\/#\/schema\/logo\/image\/\",\"url\":\"https:\/\/infocontrolsa.com\/tienda\/wp-content\/uploads\/2024\/04\/nuevo-logo-Info.png\",\"contentUrl\":\"https:\/\/infocontrolsa.com\/tienda\/wp-content\/uploads\/2024\/04\/nuevo-logo-Info.png\",\"width\":556,\"height\":113,\"caption\":\"Infocontrol S.A\"},\"image\":{\"@id\":\"https:\/\/infocontrolsa.com\/tienda\/#\/schema\/logo\/image\/\"},\"sameAs\":[\"https:\/\/m.facebook.com\/infocontrolsa\",\"https:\/\/www.instagram.com\/infocontrolsa\/?hl=es\",\"https:\/\/es.linkedin.com\/company\/infocontrol-s-a-\"]}]}<\/script>\n<!-- \/ Yoast SEO plugin. -->","yoast_head_json":{"title":"RI\u00d1ONERA WANEL - Infocontrol S.A","robots":{"index":"noindex","follow":"follow","max-snippet":"max-snippet:-1","max-image-preview":"max-image-preview:large","max-video-preview":"max-video-preview:-1"},"og_locale":"es_ES","og_type":"article","og_title":"RI\u00d1ONERA WANEL - Infocontrol S.A","og_description":"Ri\u00f1onera de alta calidad y resistente a las salpicaduras de agua en lycra de variados colores. Bolsillo principal en resistente PVC con funci\u00f3n t\u00e1ctil. Dise\u00f1ada para actividades deportivas y de ocio. Con bolsillo de cierre de cremallera a juego, salida para auriculares y cintura el\u00e1stica con cierre de clic ajustable.","og_url":"https:\/\/infocontrolsa.com\/tienda\/producto\/rinonera-wanel\/","og_site_name":"Infocontrol S.A","article_publisher":"https:\/\/m.facebook.com\/infocontrolsa","og_image":[{"width":1080,"height":1080,"url":"https:\/\/infocontrolsa.com\/tienda\/wp-content\/uploads\/2023\/12\/COLLAGE-5.jpg","type":"image\/jpeg"}],"schema":{"@context":"https:\/\/schema.org","@graph":[{"@type":"WebPage","@id":"https:\/\/infocontrolsa.com\/tienda\/producto\/rinonera-wanel\/","url":"https:\/\/infocontrolsa.com\/tienda\/producto\/rinonera-wanel\/","name":"RI\u00d1ONERA WANEL - Infocontrol S.A","isPartOf":{"@id":"https:\/\/infocontrolsa.com\/tienda\/#website"},"primaryImageOfPage":{"@id":"https:\/\/infocontrolsa.com\/tienda\/producto\/rinonera-wanel\/#primaryimage"},"image":{"@id":"https:\/\/infocontrolsa.com\/tienda\/producto\/rinonera-wanel\/#primaryimage"},"thumbnailUrl":"https:\/\/infocontrolsa.com\/tienda\/wp-content\/uploads\/2023\/12\/COLLAGE-5.jpg","datePublished":"2023-12-26T17:18:15+00:00","dateModified":"2023-12-26T17:18:15+00:00","breadcrumb":{"@id":"https:\/\/infocontrolsa.com\/tienda\/producto\/rinonera-wanel\/#breadcrumb"},"inLanguage":"es","potentialAction":[{"@type":"ReadAction","target":["https:\/\/infocontrolsa.com\/tienda\/producto\/rinonera-wanel\/"]}]},{"@type":"ImageObject","inLanguage":"es","@id":"https:\/\/infocontrolsa.com\/tienda\/producto\/rinonera-wanel\/#primaryimage","url":"https:\/\/infocontrolsa.com\/tienda\/wp-content\/uploads\/2023\/12\/COLLAGE-5.jpg","contentUrl":"https:\/\/infocontrolsa.com\/tienda\/wp-content\/uploads\/2023\/12\/COLLAGE-5.jpg","width":1080,"height":1080},{"@type":"BreadcrumbList","@id":"https:\/\/infocontrolsa.com\/tienda\/producto\/rinonera-wanel\/#breadcrumb","itemListElement":[{"@type":"ListItem","position":1,"name":"Portada","item":"https:\/\/infocontrolsa.com\/tienda\/"},{"@type":"ListItem","position":2,"name":"Tienda","item":"https:\/\/infocontrolsa.com\/tienda\/"},{"@type":"ListItem","position":3,"name":"RI\u00d1ONERA WANEL"}]},{"@type":"WebSite","@id":"https:\/\/infocontrolsa.com\/tienda\/#website","url":"https:\/\/infocontrolsa.com\/tienda\/","name":"Infocontrol S.A","description":"REGALOS PROMOCIONALES PERSONALIZADOS","publisher":{"@id":"https:\/\/infocontrolsa.com\/tienda\/#organization"},"potentialAction":[{"@type":"SearchAction","target":{"@type":"EntryPoint","urlTemplate":"https:\/\/infocontrolsa.com\/tienda\/?s={search_term_string}"},"query-input":"required name=search_term_string"}],"inLanguage":"es"},{"@type":"Organization","@id":"https:\/\/infocontrolsa.com\/tienda\/#organization","name":"Infocontrol S.A","url":"https:\/\/infocontrolsa.com\/tienda\/","logo":{"@type":"ImageObject","inLanguage":"es","@id":"https:\/\/infocontrolsa.com\/tienda\/#\/schema\/logo\/image\/","url":"https:\/\/infocontrolsa.com\/tienda\/wp-content\/uploads\/2024\/04\/nuevo-logo-Info.png","contentUrl":"https:\/\/infocontrolsa.com\/tienda\/wp-content\/uploads\/2024\/04\/nuevo-logo-Info.png","width":556,"height":113,"caption":"Infocontrol S.A"},"image":{"@id":"https:\/\/infocontrolsa.com\/tienda\/#\/schema\/logo\/image\/"},"sameAs":["https:\/\/m.facebook.com\/infocontrolsa","https:\/\/www.instagram.com\/infocontrolsa\/?hl=es","https:\/\/es.linkedin.com\/company\/infocontrol-s-a-"]}]}},"_links":{"self":[{"href":"https:\/\/infocontrolsa.com\/tienda\/wp-json\/wp\/v2\/product\/2547"}],"collection":[{"href":"https:\/\/infocontrolsa.com\/tienda\/wp-json\/wp\/v2\/product"}],"about":[{"href":"https:\/\/infocontrolsa.com\/tienda\/wp-json\/wp\/v2\/types\/product"}],"version-history":[{"count":0,"href":"https:\/\/infocontrolsa.com\/tienda\/wp-json\/wp\/v2\/product\/2547\/revisions"}],"wp:featuredmedia":[{"embeddable":true,"href":"https:\/\/infocontrolsa.com\/tienda\/wp-json\/wp\/v2\/media\/2551"}],"wp:attachment":[{"href":"https:\/\/infocontrolsa.com\/tienda\/wp-json\/wp\/v2\/media?parent=2547"}],"wp:term":[{"taxonomy":"product_cat","embeddable":true,"href":"https:\/\/infocontrolsa.com\/tienda\/wp-json\/wp\/v2\/product_cat?post=2547"},{"taxonomy":"product_tag","embeddable":true,"href":"https:\/\/infocontrolsa.com\/tienda\/wp-json\/wp\/v2\/product_tag?post=2547"}],"curies":[{"name":"wp","href":"https:\/\/api.w.org\/{rel}","templated":true}]}}